s 634221880 a multiple of 908?
False
Does 4609 divide 1026534373?
False
Does 1376 divide 345854953?
False
Is 189 a factor of 124175472?
False
Is 41 a factor of 933164141?
True
Does 647 divide 85704208?
True
Does 45 divide 1042047?
False
Does 44 divide 343164844?
True
Does 698 divide 35644766?
True
Is 9270960 a multiple of 80?
True
Does 739 divide 183932666?
True
Is 1628196601 a multiple of 149?
False
Does 1090 divide 33884830?
True
Does 2123 divide 302535992?
True
Is 2161218670 a multiple of 34?
True
Is 287 a factor of 53715756?
False
Does 491 divide 1261379?
True
Is 1933720176 a multiple of 6?
True
Does 55 divide 517021927?
False
Is 1139567313 a multiple of 23?
False
Is 51 a factor of 210407039?
False
Is 22703737 a multiple of 54?
False
Does 52 divide 345061481?
False
Is 102 a factor of 1754342848?
False
Is 2917837176 a multiple of 91?
False
Is 131122249 a multiple of 26?
False
Is 35 a factor of 8565750?
False
Does 22 divide 12642477?
False
Is 2820 a factor of 75088140?
True
Does 10 divide 19089628?
False
Is 14840930 a multiple of 13?
True
Does 340 divide 17757180?
True
Is 1290 a factor of 956722640?
False
Does 7 divide 47424118?
True
Is 11020000 a multiple of 426?
False
Is 31466752 a multiple of 808?
True
Does 12 divide 418433339?
False
Is 7 a factor of 329064607?
False
Is 17810761 a multiple of 2?
False
Is 2561932777 a multiple of 3248?
False
Is 49 a factor of 124042384?
False
Does 597 divide 185738640?
True
Does 7 divide 1689180752?
True
Does 1769 divide 15556586?
True
Does 2263 divide 178607275?
True
Does 9 divide 5669958?
False
Is 24 a factor of 1662658605?
False
Is 22141119 a multiple of 688?
False
Does 824 divide 135022798?
False
Is 6734756 a multiple of 4?
True
Is 344 a factor of 35295432?
True
Is 2052 a factor of 195261114?
False
Is 7450 a factor of 2488307450?
True
Does 17 divide 1416751?
False
Is 15 a factor of 51353578?
False
Is 4 a factor of 866737?
False
Does 80 divide 139401760?
True
Does 65 divide 41639130?
True
Is 664 a factor of 638207282?
False
Is 2877 a factor of 3270208221?
True
Does 1164 divide 872823072?
True
Is 18665350 a multiple of 110?
True
Is 2062775897 a multiple of 11?
False
Does 20 divide 16286756?
False
Does 27 divide 95829534?
True
Is 57 a factor of 142065717?
True
Does 48 divide 40985790?
False
Is 19 a factor of 142072044?
True
Is 259 a factor of 97128367?
True
Does 4134 divide 259978352?
False
Is 29185362 a multiple of 1502?
True
Does 33 divide 3222761718?
True
Does 100 divide 8975262?
False
Does 635 divide 552710095?
False
Does 117 divide 697709610?
True
Is 613 a factor of 457682964?
True
Is 22 a factor of 4448960?
False
Does 49 divide 1627731?
True
Is 26 a factor of 3214198?
True
Is 106 a factor of 6696126?
True
Does 1468 divide 229009468?
True
Does 89 divide 24934059?
False
Is 2733 a factor of 32796000?
True
Is 25273380 a multiple of 4917?
True
Is 11834160 a multiple of 104?
True
Does 2438 divide 435067199?
False
Is 21 a factor of 6065092?
False
Is 11 a factor of 129897598?
False
Is 2504162628 a multiple of 1518?
True
Is 19 a factor of 18098146?
True
Is 1179193042 a multiple of 43?
True
Does 3908 divide 439605492?
False
Is 336875775 a multiple of 13?
False
Does 994 divide 23360988?
True
Is 238626996 a multiple of 382?
True
Is 658380728 a multiple of 1112?
True
Is 35 a factor of 22907464?
False
Is 20607413 a multiple of 32?
False
Does 7 divide 452274564?
True
Is 965158200 a multiple of 57?
True
Is 22 a factor of 496449501?
False
Is 370 a factor of 92747900?
True
Is 10867495 a multiple of 5?
True
Is 34 a factor of 41896805?
False
Is 32 a factor of 2712416?
True
Is 21 a factor of 2254686?
True
Is 412 a factor of 395632818?
False
Does 6 divide 60819536?
False
Is 76 a factor of 1232297820?
True
Does 3730 divide 229704590?
True
Does 600 divide 127035618?
False
Is 29 a factor of 1146296775?
True
Does 300 divide 6849900?
True
Is 98891137 a multiple of 150?
False
Is 24 a factor of 333885960?
True
Is 84 a factor of 43458324?
True
Is 61527212 a multiple of 29?
True
Is 486 a factor of 3315300158?
False
Does 2732 divide 686469640?
True
Does 14 divide 196098500?
False
Does 7800 divide 79388400?
True
Is 3863496 a multiple of 116?
True
Does 1177 divide 26980371?
True
Does 96 divide 185194115?
False
Is 13 a factor of 2621589321?
True
Is 16 a factor of 186261936?
True
Does 207 divide 852465123?
True
Is 232129104 a multiple of 1710?
False
Does 313 divide 39399814?
True
Does 1007 divide 16533927?
False
Is 22 a factor of 42087849?
False
Is 164 a factor of 40026660?
True
Is 1625559733 a multiple of 1267?
True
Is 17 a factor of 512230113?
False
Is 296489803 a multiple of 649?
False
Does 1716 divide 229714056?
True
Is 57783750 a multiple of 2375?
True
Does 12 divide 281256601?
False
Is 94594500 a multiple of 1755?
True
Is 80312777 a multiple of 731?
True
Is 272149980 a multiple of 402?
True
Does 12 divide 832477272?
True
Does 187 divide 39662513?
True
Is 55437731 a multiple of 99?
False
Is 62 a factor of 147479462?
True
Is 5 a factor of 517833530?
True
Is 12496974 a multiple of 469?
True
Is 5 a factor of 1268075?
True
Does 10 divide 1441810?
True
Is 7622 a factor of 2102521858?
False
Is 22774867 a multiple of 20?
False
Is 50 a factor of 360303800?
True
Is 6967905 a multiple of 8?
False
Is 32583746 a multiple of 201?
False
Is 44843238 a multiple of 6?
True
Is 38 a factor of 11229105?
False
Is 159 a factor of 6375317?
False
Is 90 a factor of 190197540?
True
Does 157 divide 49301611?
True
Does 3 divide 78475346?
False
Does 38 divide 9915910?
True
Is 1376686527 a multiple of 11?
False
Is 10 a factor of 1159108?
False
Does 2 divide 64113254?
True
Does 8 divide 44134?
False
Does 28 divide 10120040?
True
Is 1209627838 a multiple of 6548?
False
Does 9 divide 44959774?
False
Is 155 a factor of 223626333?
False
Is 51 a factor of 474048519?
True
Is 87130539 a multiple of 742?
False
Does 7 divide 13614541?
False
Is 668655333 a multiple of 1482?
False
Is 1081494847 a multiple of 21?
False
Is 13 a factor of 93061605?
True
Is 51467826 a multiple of 10?
False
Is 58545390 a multiple of 15?
True
Is 66 a factor of 232163316?
True
Is 838 a factor of 1063422?
True
Is 135628560 a multiple of 360?
True
Is 102841572 a multiple of 4821?
True
Does 14 divide 364912184?
True
Is 16 a factor of 57747620?
False
Does 3 divide 2749309?
False
Is 4911301 a multiple of 1557?
False
Is 150279131 a multiple of 841?
True
Does 27 divide 477440446?
False
Does 11 divide 3312694?
True
Is 30787414 a multiple of 358?
False
Is 101368480 a multiple of 5?
True
Is 589 a factor of 248348023?
False
Does 6442 divide 581506456?
True
Is 263 a factor of 26872873?
False
Is 12 a factor of 8925013?
False
Is 6927590 a multiple of 190?
True
Is 24 a factor of 154945104?
True
Is 89550074 a multiple of 122?
True
Is 1009447329 a multiple of 33?
True
Is 3026 a factor of 118102749?
False
Is 62 a factor of 1966309912?
True
Does 28 divide 31881668?
True
Does 23 divide 7086786?
False
Is 211479149 a multiple of 3?
False
Is 647109756 a multiple of 199?
False
Is 339 a factor of 163458003?
True
Is 15 a factor of 9535875?
True
Is 258 a factor of 463209502?
False
Is 30873512 a multiple of 4?
True
Is 506 a factor of 2693438?
True
Does 10 divide 283288532?
False
Does 8 divide 328623401?
False
Is 3526295106 a multiple of 11?
False
Is 296605329 a multiple of 21?
False
Does 3827 divide 386433286?
False
Does 10 divide 33383450?
True
Is 1470 a factor of 56600880?
True
Is 27887193 a multiple of 166?
False
Is 3 a factor of 422959408?
False
Is 7629336 a multiple of 468?
True
Is 2214 a factor of 64854702?
True
Does 168 divide 32856936?
True
Is 1017 a factor of 37499497?
False
Does 7 divide 12280849?
True
Is 290615 even?
False
Is 1017997974 a multiple of 259?
False
Is 76963464 a multiple of 12?
True
Does 98 divide 13094956?
True
Is 2189945188 a multiple of 148?
False
Is 35625597 a multiple of 147?
True
Is 52448740 a multiple of 190?
True
Is 2020 a factor of 27546740?
True
Does 2113 divide 454802834?
False
Is 168 a factor of 135929916?
False
Does 3038 divide 47404952?
True
Is 126147232 a multiple of 6876?
False
Is 876 a factor of 234853712?
False
Does 9101 divide 261522242?
False
Is 380048000 a multiple of 200?
True
Is 6 a factor of 273307428?
True
Is 392 a factor of 51565640?
True
Does 48 divide 62721731?
Fals